et r(d) = -286*d + 1426. Give r(5).
-4
Let t(q) = -q**3 - 22*q**2 + 171*q + 48. What is t(-28)?
-36
Let z(f) = -f**2 + 139*f + 1590. Calculate z(-11).
-60
Let r(k) = -438*k + 22337. Determine r(51).
-1
Let z(l) = 3*l**2 - 305*l + 2989. Give z(11).
-3
Let x(o) = 4*o**2 - 32*o + 59. Give x(9).
95
Let a(g) = 53*g + 555. What is a(-9)?
78
Let z(d) = 211*d - 65. Give z(0).
-65
Let l(m) = -11*m**2 - 772*m - 110. Determine l(-70).
30
Let m(k) = -178*k + 2134. Give m(12).
-2
Let b(d) = d**3 - 36*d**2 + 32*d + 114. Calculate b(35).
9
Let q(l) = -l - 1120. What is q(83)?
-1203
Let i(n) = -260*n - 2340. Calculate i(-9).
0
Let g(u) = -u**2 + 17*u + 108. What is g(-6)?
-30
Let o(y) = y**3 - 19*y**2 + 146*y - 452. Calculate o(8).
12
Let k(x) = -5*x**2 - 66*x - 129. What is k(-11)?
-8
Let i(p) = -2*p**3 - 19*p**2 + 13*p + 201. Determine i(-9).
3
Let i(d) = -3*d**2 - 46*d - 144. What is i(-11)?
-1
Let c(a) = a**3 + 22*a**2 + 1151. Give c(-24).
-1
Let j(m) = -19*m + 1674. What is j(86)?
40
Let a(b) = 615*b + 178968. Give a(-291).
3
Let g(w) = -890*w + 887. Calculate g(1).
-3
Let q(g) = -g**3 - 19*g**2 - 89*g - 9. Calculate q(-12).
51
Let s(v) = -v**3 - 32*v**2 - 129*v - 539. Give s(-28).
-63
Let d(t) = 5*t - 92. Determine d(17).
-7
Let w(o) = o**3 - 29*o**2 - 56*o - 62. Determine w(31).
124
Let j(h) = 1009*h - 3075. What is j(3)?
-48
Let y(j) = 5*j**2 - 355*j - 24. Give y(71).
-24
Let n(b) = -b**3 + 9*b**2 + 11*b + 15. Give n(10).
25
Let p(q) = -21*q - 687. Calculate p(-40).
153
Let x(i) = -3*i**3 + 8*i**2 + i - 9. Determine x(4).
-69
Let s(q) = -q**2 - 70*q + 778. Determine s(10).
-22
Let h(u) = 3*u**2 + 20*u - 264. Give h(14).
604
Let o(f) = -2*f**3 - 30*f**2 - 11*f + 121. What is o(-14)?
-117
Let t(p) = -2*p**3 + 34*p**2 + 83*p - 120. Give t(19).
13
Let c(n) = 69*n - 1477. Determine c(21).
-28
Let j(t) = -9*t**2 + 9*t - 30. Calculate j(4).
-138
Let b(l) = -l**3 + 3*l**2 - 65*l + 128. Calculate b(2).
2
Let q(k) = -4*k**2 - 57*k + 193. Calculate q(-17).
6
Let s(l) = 387*l**2 - 392*l - 391. What is s(-1)?
388
Let w(o) = 7*o**2 + 114*o - 11. Give w(-10).
-451
Let i(f) = f**2 - 17*f + 27. Determine i(5).
-33
Let r(k) = -2*k**2 - 92*k - 264. Determine r(-43).
-6
Let o(q) = -q**3 - 18*q**2 - 52*q - 109. Calculate o(-15).
-4
Let p(c) = 2*c**2 - 10*c - 684. What is p(21)?
-12
Let s(k) = -k**2 + 87*k - 1701. Determine s(57).
9
Let j(x) = x**2 + 42*x + 22. Calculate j(-41).
-19
Let l(f) = 355*f - 134. Give l(-2).
-844
Let g(d) = 3*d**2 - 30*d + 25. Give g(12).
97
Let a(k) = k - 61. What is a(11)?
-50
Let h(a) = 27*a - 6. Determine h(1).
21
Let g(a) = 315*a - 3427. What is g(11)?
38
Let o(b) = b**3 - 137*b**2 - 253*b - 3481. Determine o(139).
-6
Let r(d) = 1263*d + 16411. Give r(-13).
-8
Let w(n) = -508*n + 11662. Determine w(23).
-22
Let v(h) = -32*h**2 + 14*h - 12. Determine v(1).
-30
Let b(u) = 5*u**2 - 74*u - 39. Calculate b(16).
57
Let n(s) = 9*s + 106. Give n(-3).
79
Let r(t) = 34*t**2 + 710*t - 49. Calculate r(-21).
35
Let f(a) = a + 301. What is f(21)?
322
Let u(p) = -15*p**2 - 1525*p + 354. What is u(-102)?
-156
Let v(s) = -2*s**3 + 43*s**2 + 30*s - 1076. Determine v(21).
-5
Let l(c) = -c**2 + 53*c + 18. Calculate l(14).
564
Let z(g) = g**3 + 21*g**2 + 65*g + 877. What is z(-20)?
-23
Let k(h) = h**3 + 23*h**2 - 41*h - 405. Give k(-24).
3
Let s(o) = o**3 + 10*o**2 + 4*o - 66. Determine s(-9).
-21
Let d(r) = -r**3 + 5*r**2 + 9*r - 33. Give d(5).
12
Let q(i) = 4*i - 176. What is q(1)?
-172
Let q(k) = 48*k - 130. What is q(5)?
110
Let d(m) = 362*m + 45965. What is d(-127)?
-9
Let m(t) = -8*t**2 + 64*t - 36. What is m(8)?
-36
Let u(p) = -p**2 + p + 92. Give u(5).
72
Let l(d) = 2*d**2 + 389*d - 30856. Determine l(-255).
-1
Let z(q) = -35*q**2 - 163*q + 571. What is z(-7)?
-3
Let s(x) = -x**2 - 138*x + 8232. Give s(-183).
-3
Let t(n) = 247*n + 16. What is t(0)?
16
Let z(s) = 5*s**2 - 321*s + 1209. What is z(4)?
5
Let v(r) = -194*r - 1541. Give v(-8).
11
Let a(x) = 10*x**2 + 47*x - 25. Give a(-11).
668
Let p(a) = -94*a - 37. Give p(-2).
151
Let p(d) = -1373*d + 12341. Give p(9).
-16
Let v(o) = 146*o**3 + 3*o**2 - 3*o. What is v(1)?
146
Let u(v) = -3095*v - 89757. Calculate u(-29).
-2
Let w(h) = 14*h**3 - 94*h**2 + 53*h + 42. Calculate w(6).
0
Let v(n) = -42*n - 337. What is v(-8)?
-1
Let d(f) = -f**3 + 20*f**2 - 12*f - 374. Determine d(18).
58
Let k(s) = -67*s - 487. What is k(-4)?
-219
Let w(m) = -3*m - 82. What is w(-28)?
2
Let n(u) = -u**3 + 123*u**2 + 2072*u + 24. What is n(-15)?
-6
Let g(i) = i**3 - 5*i**2 + 19*i - 108. What is g(5)?
-13
Let s(a) = a + 82. What is s(42)?
124
Let o(u) = -u**3 + 64*u**2 - 242*u + 127. Determine o(60).
7
Let v(t) = 516*t - 2095. Determine v(4).
-31
Let h(m) = 247*m**2 - 6*m + 7. Determine h(1).
248
Let j(r) = -8*r**2 + 89*r - 99. What is j(9)?
54
Let v(u) = u**3 - 35*u**2 + 26*u + 2276. What is v(32)?
36
Let m(y) = 3*y**2 + 91*y + 120. Determine m(-30).
90
Let d(n) = n**2 + 21*n - 40. Determine d(12).
356
Let w(l) = l**2 + 273*l - 1408. What is w(5)?
-18
Let o(r) = 2*r**3 + 14*r**2 + 5. Calculate o(-7).
5
Let f(v) = v**3 + v**2 - 17*v - 52. Give f(-4).
-32
Let w(n) = n**3 + 12*n**2 + 42*n + 30. Give w(-4).
-10
Let y(l) = 103*l + 176. Give y(-3).
-133
Let c(n) = n**3 - 232*n**2 + 277*n - 10642. Calculate c(231).
-16
Let z(r) = 5*r**3 + 4*r**2 - r + 10. Give z(-3).
-86
Let a(k) = 20*k + 86. Determine a(-3).
26
Let v(m) = -270*m + 278. Determine v(1).
8
Let m(y) = -17*y**2 - 19*y + 42. Give m(-3).
-54
Let a(o) = -463*o**2 + 425*o + 41. Calculate a(1).
3
Let k(p) = p**3 + 2*p**2 + 4*p - 8. Calculate k(-4).
-56
Let w(g) = 5826*g - 29131. Give w(5).
-1
Let y(q) = -4*q**2 - 5*q - 29. Give y(6).
-203
Let p(m) = -629*m - 6300. Calculate p(-10).
-10
Let q(n) = 220*n**3 + n**2 - 2*n - 3. Give q(-1).
-220
Let h(p) = -9*p + 33. What is h(-5)?
78
Let a(x) = -x**2 + 14*x - 47. What is a(4)?
-7
Let v(d) = d**3 + 39*d**2 + 271*d + 102. Give v(-30).
72
Let g(y) = 8*y**2 - 12*y + 20. Determine g(13).
1216
Let c(l) = 33733*l + 101200. Calculate c(-3).
1
Let h(r) = -6*r**2 - 6*r + 38. Calculate h(0).
38
Let t(d) = -3*d**3 + 232*d**2 - 79*d + 153. Determine t(77).
-1
Let p(i) = i**3 + 5*i**2 - 3*i - 65. Give p(0).
-65
Let q(u) = -127*u + 610. What is q(6)?
-152
Let o(f) = -84*f + 13350. What is o(159)?
-6
Let c(h) = 3*h**3 + 17*h**2 - 7*h + 7. Determine c(-6).
13
Let z(g) = 38*g + 248. What is z(-6)?
20
Let i(a) = 3*a**2 + 19*a - 52. Calculate i(-8).
-12
Let p(r) = -3425*r + 3432. Calculate p(1).
7
Let x(p) = -3*p**2 - 19*p + 364. What is x(15)?
-596
Let v(d) = -269*d - 2155. Determine v(-8).
-3
Let u(q) = -q**3 + 14*q**2 - 20*q + 79. Give u(15).
-446
Let a(x) = -x**3 - 36*x**2 - 43*x - 15. What is a(-35)?
265
Let v(y) = 8*y**3 - 5*y**2 + 14*y - 73. Calculate v(2).
-1
Let t(x) = 51*x + 171. Determine t(-4).
-33
Let j(d) = 25*d**2 - 347*d - 37. Determine j(14).
5
Let y(g) = -g**2 - 11*g + 133. Give y(-9).
151
Let h(b) = -b**3 + 48*b**2 + 1106*b - 61. Calculate h(65).
4
Let h(x) = -34*x + 1735. Calculate h(51).
1
Let b(r) = -r**3 + 26*r**2 + 17*r + 1069. Give b(28).
-23
Let t(k) = 2*k**3 + k**2 - 79*k - 199. Determine t(-3).
-7
Let x(t) = t**3 - 13*t**2 - 17*t + 53. What is x(13)?
-168
Let j(p) = -2*p**3 + 16*p**2 + 45*p - 416. What is j(7)?
-3
Let g(j) = 698*j**2 - 2096*j. Determine g(3).
-6
Let y(p) = 22*p**2 - 155*p - 83. Give y(8).
85
Let q(v) = 102*v - 4076. Calculate q(40).
4
Let x(p) = p**3 + 35*p**2 + 145*p - 145. What is x(-30)?
5
Let b(s) = -28*s**2 + 71*s + 44. Give b(3).
5
Let g(q) = q**3 - 26*q**2 + 215*q - 660. Calculate g(14).
-2
Let z(p) = -p**3 - 3*p**2 + 3*p + 6. Determine z(-1).
1
Let f(s) = 2*s**3 + 13*s**2 + 24*s + 39. Calculate f(-5).
-6
Let n(k) = 2*k**2 - 54*k + 292. Give n(11).
-60
Let n(s) = 8*s**2 + 37*s - 134. Calculate n(-7).
-1
Let l(c) = 272*c - 7033. Determine l(26).
39
Let w(n) = 19*n**2 + 121*n + 180. Calculate w(-4).
0
Let x(a) = 64*a**2 - 4404*a - 817. Determine x(69).
11
Let m(h) = h**2 + 18*h - 200. Determine m(-25).
-25
Let c(y) = -y**3 - 41*y**2 - 119*y - 184. Calculate c(-38).
6
Let s(z) = -68*z + 4747. Calculate s(70).
-13
Let a(l) = -127*l - 3. What is a(-1)?
124
Let f(b) = 279*b - 558. Calculate f(2).
0
Let h(m) = m**3 - 5*m**2 - 15*m + 66. Determine h(6).
12
Let g(u) = 98*u + 3504. What is g(-36)?
-24
Let k